1
What is the value of 28 - (12 + 28 + -5)?
-7
Evaluate -17 + -13 + 31 - 2.
-1
What is -15 + -12 + 32 + 0 + -2 + -10?
-7
(0 - -6) + (8 + -17 - 5 - -24)
16
(2 - -1) + -49 + 38 + 9 + 16
17
Calculate (6 - 1) + 0 + (-24 - -18) - 30.
-31
-5 + (7 - (4 + 9) - -1 - -35)
25
What is the value of -90 - -108 - (4 + 17)?
-3
(1 - (1 - 9)) + (125 - 126)
8
-2 - (-1 - -8 - (13 - 6))
-2
What is the value of -15 + 26 + (4 - 9)?
6
What is -15 - (-14 - 4) - (-1 + -1 + 4)?
1
-7 - (0 - -7) - -7
-7
What is 33 + -32 - -33 - 55?
-21
What is 0 + 7 + (-36 - -23 - (5 + 0))?
-11
What is 13 + 0 + 82 + -89 + -18?
-12
What is -16 + (-7 - -3) + 4?
-16
-21 - ((16 - (8 + -1)) + -16)
-14
Calculate -12 + (-26 + 20 - -20).
2
Calculate -354 + 371 - (12 - 1).
6
Calculate (1 - 1) + (-15 - (-5 - 10)).
0
Evaluate -11 + (-11 + 22 - 5) + 0.
-5
What is 1 - 5 - (34 - 30 - (-1 - 0))?
-9
Evaluate 12 - (-15 + 25 + 5).
-3
-21 + 24 + -4 + 21
20
Evaluate -8 + 5 + 10 - ((-1 - 0) + 10).
-2
Calculate -48 - -42 - (-13 + -5) - 0.
12
Calculate 23 + (-1351 - -1344 - (1 - (1 - -2))).
18
What is the value of -7 - ((-8 + 3 - -15) + -14)?
-3
19 + -2 + (-2 - 16)
-1
Evaluate (0 + -1 + 2 - (511 - 500)) + -1.
-11
What is the value of (390 - 410) + (1 - -4)?
-15
What is (9 + 8 - 5) + -34?
-22
Calculate 17 + (-23 - (10 + 2)).
-18
Calculate 1 + 7 + -8 + (1 + -3 - 2).
-4
Calculate -8 - (-3 + -8) - (6 - (-6 - -1)).
-8
Calculate -16 - (3 - 2 - 13).
-4
What is (5 - 0) + -10 + 49 + -40?
4
Evaluate -6 - (-26 - -48 - 36).
8
What is the value of (-45 - -58) + -55 + 1 + 12 + -3?
-32
Evaluate -17 + 0 + 8 + 6.
-3
What is 3 - 2 - (29 + 20 + -55)?
7
What is -63 + (37 - (-32 + 36))?
-30
9 + (-1 - (-22 + 11))
19
Calculate 2 + -22 - -21 - 13.
-12
What is the value of -24 + (31 - (-11 - -25))?
-7
What is (35 - (7 - (14 - 14))) + -4?
24
What is the value of -4 + (3 - (33 + -2)) - (-6 - -6)?
-32
What is the value of 8 - ((9 - 3) + -7 - 3)?
12
Evaluate -3 + (2 - (4 - (0 + 5) - -8)).
-8
What is the value of -2 + (-5 - -8) + 82 + -80?
3
Evaluate 19 + (-9 + -16 - -11).
5
Calculate 16 - 36 - (-14 - 8).
2
Evaluate -21 + (-3 - 6 - -25 - 6).
-11
Evaluate (21 - 22) + 0 + 7.
6
What is -9 + 21 + 13 + -40?
-15
What is the value of -17 - (-17 + -7) - 5?
2
Evaluate 0 + 3 + -10 - (14 - 19 - -7).
-9
What is 3 + -2 + -6 + (4 - 6 - -1)?
-6
What is the value of (-14 - 1) + -32 + 49?
2
Evaluate (1 - -3) + (10 - 6) + -23.
-15
What is 6 + 0 + 1 + (29 + -40 - -3)?
-1
Evaluate 17 + (-8 - -38) + -22.
25
Calculate -23 - -19 - 20 - -5.
-19
-1 - 1 - (7 + (-15 - -3) - -22)
-19
6 + (6 + -3 + 2 + -11 - 2)
-2
What is the value of -1 - 9 - -1 - (-2 + -22 - -26)?
-11
Evaluate -15 + 4 + -4 + 8 + 14 - -10.
17
Evaluate -20 + (18 - 11) + -8 + 3 + 1.
-17
Evaluate (-2 - -9 - (-178 - -194)) + (22 - 0).
13
What is the value of 11 + -30 + 10 - -5?
-4
Evaluate (8 - 1) + -48 + 42.
1
Calculate (-3 - -14) + -17 - (-11 - (0 - -1)).
6
Calculate -2 + -11 + -1 - (-60 + 27 + 27).
-8
Calculate (19 - 4) + (-45 - -22) - -12.
4
What is -1 - -1 - (-50 + 39 - -9)?
2
Evaluate (16 - (-8 + 12)) + -1 + -2.
9
Calculate -110 + 104 - (0 + -5 + 3 + 9).
-13
What is 10 + -4 + -1 + -29?
-24
Calculate -10 + 20 + -5 + (-15 - -5).
-5
Calculate (57 - 11 - 11) + -40.
-5
-6 - (-2 + 13 + -4 + (0 - 1))
-12
Calculate -38 + 2 + -48 + 54.
-30
What is 1 - (15 + -27 - (-18 - -6))?
1
What is -363 + 334 - (-1 - 39)?
11
What is -115 + 112 - ((-11 - (0 + 1)) + 5)?
4
What is the value of -15 - (-10 - -3 - (19 + -28))?
-17
What is the value of -1 - 6 - (-18 + (14 - 4))?
1
Calculate -465 - -470 - (-3 + -7).
15
(-6 + (-7 - -26) + -3 - 9) + 4
5
What is the value of 10 + (-20 - (-34 + 14))?
10
Evaluate (-17 + 1 - (-184 + 176)) + 6.
-2
What is the value of -15 + 3 - -2 - (-1 + -12)?
3
What is the value of (-1 - (-5 - (-4 - 6))) + 25 + -28?
-9
8 + (8 - 1 - 10 - (2 - 2))
5
What is the value of 17 - (17 - (4 - -9 - -17))?
30
6 + 1 + -1 + -17 + (38 - 19)
8
9 - 3 - (-7 + 16) - -35
32
What is -2 + 9 - (-98 - -105) - (2 + 0)?
-2
Calculate -2 - -2 - (1 - (-16 + (-28 - -18))).
-27
What is the value of 24 + -17 - (4 - 4)?
7
-3 - (-7 + (14 - 19) + -3 + 0)
12
Calculate (21 - (4 - -1)) + -21.
-5
-32 + -19 + (-7 - -8 - -18)
-32
Evaluate -8 - ((0 - 2) + -9).
3
2 + (-17 - -36) + -20 - 37
-36
What is -4 - (15 + 0 + -13)?
-6
(207 - 207) + -2 + -19
-21
Evaluate (-150 - -134) + 3 + 20.
7
0 - (-13 + 7 + -4 + 2)
8
Calculate 12 + (14 - -3 - 15).
14
Calculate 0 + -6 - 2 - (129 + -131).
-6
801 + -804 + (-11 - (-4 + 2))
-12
Evaluate -561 + 539 - (-3 - -14).
-33
Calculate 3 - ((4 - (5 - -13)) + -5).
22
7 + 7 + -12 + 13
15
12 + 8 + -11 + (2 - 4 - -2)
9
Evaluate 11 + 29 + -59 + 29.
10
What is the value of -7 + (-8 - (-4 - 3))?
-8
Evaluate (-1 - -2) + -12 + (-30 - -38).
-3
Evaluate 0 + (0 - (5 + -3)) + -136 + 129.
-9
What is 3 + (-11 - -3 - -12 - (1 + 6))?
0
14 - 21 - -8 - (29 + -6)
-22
What is (50 - 1) + -12 + -79 + 78?
36
Evaluate -2 - (-9 + -11) - 22.
-4
What is the value of 1 + -8 - ((-4 - 2) + 45 + -62)?
16
Evaluate -37 + 0 + (-1168 - -1205).
0
-6 + 2 - (-10 - 4)
10
What is -4 - ((-4 + 0 - 0) + 6 + 1)?
-7
What is the value of -15 + -8 + 0 + (23 - 1)?
-1
Calculate (-5 - 37) + (61 - 8).
11
Evaluate (-17 - (-5 + 3)) + 8 + -3.
-10
Evaluate (3 - -2) + 3 + -17.
-9
21 - (23 - (11 + 8))
17
14 + -33 + 9 + -2
-12
(5 - ((8 - 9) + 10 - 4)) + -21
-21
Calculate 2 + -3 - (19 - 12).
-8
Calculate 6 - (20 - (-14 - -15)).
-13
What is (41 - 17) + (28 - 38)?
14
Evaluate -15 + 15 - (-10 - 0) - (-38 + 40).
8
Calculate -23 - (-3 - (12 + -21 + 10)).
-19
(11 - 7) + -13 + (2 - 0)
-7
Calculate (4 - -3) + (1 - 8 - -10).
10
Calculate -65 + 119 + (-34 - -3).
23
Evaluate -153 + 157 + 0 + -3 + -3.
-2
Evaluate 0 - (6 - 4) - (7 - (4 - -3)).
-2
What is the value of 51 - 50 - ((-1 - 1) + -2)?
5
Calculate -2 - (4 + -30 + 8 - -5).
11
5610 + -5602 + (-13 - (1 + -1))
-5
Evaluate 28 + (1 - -1) + (-28 - (-8 + -15)).
25
What is 26 + 3 + (1 - 8)?
22
What is the value of (4 - 8) + -29 + 18?
-15
What is -28 + (12 - 17 - 1) + 11?
-23
Calculate 28 + -8 + 9 + (12 - 20).
21
What is 6 - (-9 + -2) - 6?
11
Calculate -1 - ((1 - 3) + 10) - (-102 - -97).
-4
Evaluate -8 + (-38 - (-22 + 1)).
-25
Calculate -403 + 404 - (0 - 5).
6
-3 - (5 + 5 + -12 + 6)
-7
Calculate (16 - -6) + -14 + 2 + 8.
18
What is the value of -3 - (0 - (-1 - -3 - 0))?
-1
What is (-5 - -2) + (8 + 2 + -2 - 18)?
-13
Evaluate (-8 + 8 - 0) + 0 + 0 + 4.
4
30 + -8 + (6 - -2) + -6
24
(-3 - -4 - 1) + 40 + -66 - 7
-33
Calculate -13 + 7 + -10 + 16.
0
What is the value of 0 + (15 - -1) - (-36 + (12 - -21))?
19
What is the value of (11 - 37 - -16) + 21?
11
Calculate 1182 - 1229 - (0 - 24).
-23
Evaluate 10 + (7 + 5 + -5 - (-1 - -4)).
14
What is -1 + -1 - -1 - (91 - 81) - 2?
-13
(-39 - (18 - 40) - (-5 - 0)) + -4
-16
What is the value of -49 - -47 - (1 + (-6 - -1 - -2))?
0
Evaluate -8 + (2 - -14 - (-21 + 32 - 8)).
5
What is the value of 0 + -8 - (44 + -54)?
2
Calculate -10 + (-1 - -6) + -16 - -51.
30
Evaluate (-3 - -1) + (-33 - (-38 + -25)).
28
Calculate (1937 - 1934) + (0 - 2) + -23.
-22
Calculate -22 + -4 - (-10 + 8).
-24
Evaluate -19 + -5 + 13 + -5 + 5.
-11
Calculate 6 - (-7 + 3 - -7) - (-2 - 0).
5
1 - (-2 - (2 - 2)) - (-7 + 5)
5
Evaluate -25 + (-2 - (-14 + -3)).
-10
Evaluate (20 + -1 - 51 - (-5 + 2)) + 9.
-20
Calculate (-82 - -98) + -25 + -4.
-13
What is the value of -3 - (155 - 151 - (-16 - -1))?
-22
Calculate (7 - 1) + (13 - (15 + 9 - 7)).
2
What is -15 + -7 + 27 + 25?
30
What is 27 + -13 + -7 + 11 + (10 - -5)?
33
Calculate 257 + -269 + (-1 - -31).
18
Evaluate (0 - 1) + -5 + (111 - 66) + -55.
-16
Calculate 53 + -48 + (1 - 6).
0
What is the value of -7 - (0 + (-3 - 4 - -10))?
-10
What is -515 + 524 + (13 - 0)?
22
1 + (-1 - 3) + (884 - 885)
-4
What is the value of (10 - 15) + -17 + 19?
-3
What is 0 + (13 - 20) - (-1 + -19)?
13
(-2 - (-2 + 1 + 4)) + -8
-13
What is 12 - (-2 - -8 - (-16 + 46 - 19))?
17
What is the value of 3 + 9 - 3 - 3?
6
1 + (-2 - 4) + (137 - 151)
-19
What is the value of (31 - 71) + 16 + 9?
-15
What is the value of 11 + 12 + (-5 - 15)?
3
Calculate -2 + -3 + -2 + 106 + -80 - 5.
14
Calculate -4 + (-15 - -25) + 2.
8
What is the value of -13 + (6 - (-11 - -11)) + -6 + -1?
-14
Calculate 8 - ((6 - 10) + 10) - 10.
-8
-21 + 9 + -1 + 6 + 8
1
Evaluate 7 - (9 - (7 + 35) - -12).
28
What is the value of (-35 - -12) + -3 + (-2 + 0 - -8)?
-2